{"id":7,"date":"2021-05-04T22:51:12","date_gmt":"2021-05-04T20:51:12","guid":{"rendered":"https:\/\/www.ogl-kernen.de\/test\/?page_id=7"},"modified":"2024-03-15T14:03:11","modified_gmt":"2024-03-15T13:03:11","slug":"ueber-uns","status":"publish","type":"page","link":"https:\/\/www.ogl-kernen.de\/?page_id=7","title":{"rendered":"\u00dcber uns"},"content":{"rendered":"\n<p>Foto Herzog: Unsere Kandidat:innen f\u00fcr Kernen &#8211; Kommunalwahl 2024<\/p>\n\n\n\n<p>Auf dem Foto von links: Peter Haas, Axel D\u00f6hring, Alexander Schmidt-Fischer, Linn Matysiak, Bernhard Siegle, Sara Tadix, Norbert Kirchner, Jan Beckhoff, Laura Wilhelm, Georg Wilhelm, Matthias Kramer, Rita Kirchner, Philipp Greiner, Christian Fleischer, Peter von Schnakenburg, Noel Pr\u00f6hmer, Antje Wilhelmy-Noirhomme, Raymund Noirhomme, Susanne H\u00e4berle, Moritz Seifert, Claudia Schmidt. Nicht auf dem Bild: Ulrike Kirr-Dominik <\/p>\n\n\n\n<p>DIE OFFENENE GR\u00dcNE LISTE<br>ist eine unabh\u00e4ngige W\u00e4hlervereinigung und arbeitet seit 20 Jahren erfolgreich im Gemeinderat von Kernen. Ihre Mitglieder sind umweltpolitisch und sozial engagierte Menschen, die kritisch und konstruktiv die Gemeindearbeit mitgestalten.<br>DIE OFFENENE GR\u00dcNE LISTE<br>m\u00f6chte die Kommunalpolitik mit mehr Farbe und neuen Ideen bereichern. Richtschnur sind \u00f6kologische Verantwortung, soziale Gerechtigkeit und das Wohl der gesamten Gemeinde. Wir setzen uns ein f\u00fcr zukunftsf\u00e4hige Konzepte und orientieren uns am Leitbild der Kommune.<br>DIE OFFENENE GR\u00dcNE LISTE<br>w\u00fcnscht sich bei kommunalen Entscheidungen eine breitere Beteiligung der B\u00fcrgerinnen und B\u00fcrger und f\u00f6rdert deshalb b\u00fcgerschaftliches Engagement. Wir brauchen mehr M\u00f6glichkeiten zum Mitreden, Mitmachen und Mitentscheiden.<\/p>\n\n\n\n<p>Du willst bei uns mitmachen?<\/p>\n\n\n\n<p>Schreibe einfach eine Mail an: <\/p>\n\n\n\n<p><a href=\"mailto:kontakt@ogl-kernen.de\">kontakt@ogl-kernen.de<\/a><\/p>\n\n\n\n<p>Du kannst aber auch folgendes Formular ausdrucken und an uns schicken:<\/p>\n\n\n\n<div data-wp-interactive=\"core\/file\" class=\"wp-block-file\"><object data-wp-bind--hidden=\"!state.hasPdfPreview\" hidden class=\"wp-block-file__embed\" data=\"https:\/\/www.ogl-kernen.de\/test\/wp-content\/uploads\/2023\/01\/Aufnahmeantrag-OGL.pdf\" type=\"application\/pdf\" style=\"width:100%;height:700px\" aria-label=\"Einbettung von Aufnahmeantrag-OGL.\"><\/object><a id=\"wp-block-file--media-279b079c-0acc-4d65-9e4a-d2086336490a\" href=\"https:\/\/www.ogl-kernen.de\/test\/wp-content\/uploads\/2023\/01\/Aufnahmeantrag-OGL.pdf\">Aufnahmeantrag-OGL<\/a><\/div>\n","protected":false},"excerpt":{"rendered":"<p>Foto Herzog: Unsere Kandidat:innen f\u00fcr Kernen &#8211; Kommunalwahl 2024 Auf dem Foto von links: Peter Haas, Axel D\u00f6hring, Alexander Schmidt-Fischer, Linn Matysiak, Bernhard Siegle, Sara Tadix, Norbert Kirchner, Jan Beckhoff, Laura Wilhelm, Georg Wilhelm, Matthias Kramer, Rita Kirchner, Philipp Greiner, Christian Fleischer, Peter von Schnakenburg, Noel Pr\u00f6hmer, Antje Wilhelmy-Noirhomme, Raymund Noirhomme, Susanne H\u00e4berle, Moritz Seifert, &hellip;<\/p>\n<p class=\"read-more\"> <a class=\"\" href=\"https:\/\/www.ogl-kernen.de\/?page_id=7\"> <span class=\"screen-reader-text\">\u00dcber uns<\/span> Weiterlesen &raquo;<\/a><\/p>\n","protected":false},"author":1,"featured_media":490,"parent":0,"menu_order":0,"comment_status":"closed","ping_status":"closed","template":"","meta":{"site-sidebar-layout":"default","site-content-layout":"default","ast-global-header-display":"","ast-main-header-display":"","ast-hfb-above-header-display":"","ast-hfb-below-header-display":"","ast-hfb-mobile-header-display":"","site-post-title":"","ast-breadcrumbs-content":"","ast-featured-img":"","footer-sml-layout":"","theme-transparent-header-meta":"default","adv-header-id-meta":"","stick-header-meta":"","header-above-stick-meta":"","header-main-stick-meta":"","header-below-stick-meta":"","footnotes":""},"class_list":["post-7","page","type-page","status-publish","has-post-thumbnail","hentry"],"yoast_head":"<!-- This site is optimized with the Yoast SEO plugin v22.2 - https:\/\/yoast.com\/wordpress\/plugins\/seo\/ -->\n<title>\u00dcber uns - OGL Kernen<\/title>\n<meta name=\"robots\" content=\"index, follow, max-snippet:-1, max-image-preview:large, max-video-preview:-1\" \/>\n<link rel=\"canonical\" href=\"https:\/\/www.ogl-kernen.de\/?page_id=7\" \/>\n<meta property=\"og:locale\" content=\"de_DE\" \/>\n<meta property=\"og:type\" content=\"article\" \/>\n<meta property=\"og:title\" content=\"\u00dcber uns - OGL Kernen\" \/>\n<meta property=\"og:description\" content=\"Foto Herzog: Unsere Kandidat:innen f\u00fcr Kernen &#8211; Kommunalwahl 2024 Auf dem Foto von links: Peter Haas, Axel D\u00f6hring, Alexander Schmidt-Fischer, Linn Matysiak, Bernhard Siegle, Sara Tadix, Norbert Kirchner, Jan Beckhoff, Laura Wilhelm, Georg Wilhelm, Matthias Kramer, Rita Kirchner, Philipp Greiner, Christian Fleischer, Peter von Schnakenburg, Noel Pr\u00f6hmer, Antje Wilhelmy-Noirhomme, Raymund Noirhomme, Susanne H\u00e4berle, Moritz Seifert, &hellip; \u00dcber uns Weiterlesen &raquo;\" \/>\n<meta property=\"og:url\" content=\"https:\/\/www.ogl-kernen.de\/?page_id=7\" \/>\n<meta property=\"og:site_name\" content=\"OGL Kernen\" \/>\n<meta property=\"article:modified_time\" content=\"2024-03-15T13:03:11+00:00\" \/>\n<meta property=\"og:image\" content=\"https:\/\/www.ogl-kernen.de\/test\/wp-content\/uploads\/2024\/03\/OGL-Kernen.jpg\" \/>\n\t<meta property=\"og:image:width\" content=\"1396\" \/>\n\t<meta property=\"og:image:height\" content=\"598\" \/>\n\t<meta property=\"og:image:type\" content=\"image\/jpeg\" \/>\n<meta name=\"twitter:card\" content=\"summary_large_image\" \/>\n<meta name=\"twitter:label1\" content=\"Gesch\u00e4tzte Lesezeit\" \/>\n\t<meta name=\"twitter:data1\" content=\"2\u00a0Minuten\" \/>\n<script type=\"application\/ld+json\" class=\"yoast-schema-graph\">{\"@context\":\"https:\/\/schema.org\",\"@graph\":[{\"@type\":\"WebPage\",\"@id\":\"https:\/\/www.ogl-kernen.de\/?page_id=7\",\"url\":\"https:\/\/www.ogl-kernen.de\/?page_id=7\",\"name\":\"\u00dcber uns - OGL Kernen\",\"isPartOf\":{\"@id\":\"https:\/\/www.ogl-kernen.de\/#website\"},\"primaryImageOfPage\":{\"@id\":\"https:\/\/www.ogl-kernen.de\/?page_id=7#primaryimage\"},\"image\":{\"@id\":\"https:\/\/www.ogl-kernen.de\/?page_id=7#primaryimage\"},\"thumbnailUrl\":\"https:\/\/www.ogl-kernen.de\/test\/wp-content\/uploads\/2024\/03\/OGL-Kernen.jpg\",\"datePublished\":\"2021-05-04T20:51:12+00:00\",\"dateModified\":\"2024-03-15T13:03:11+00:00\",\"breadcrumb\":{\"@id\":\"https:\/\/www.ogl-kernen.de\/?page_id=7#breadcrumb\"},\"inLanguage\":\"de\",\"potentialAction\":[{\"@type\":\"ReadAction\",\"target\":[\"https:\/\/www.ogl-kernen.de\/?page_id=7\"]}]},{\"@type\":\"ImageObject\",\"inLanguage\":\"de\",\"@id\":\"https:\/\/www.ogl-kernen.de\/?page_id=7#primaryimage\",\"url\":\"https:\/\/www.ogl-kernen.de\/test\/wp-content\/uploads\/2024\/03\/OGL-Kernen.jpg\",\"contentUrl\":\"https:\/\/www.ogl-kernen.de\/test\/wp-content\/uploads\/2024\/03\/OGL-Kernen.jpg\",\"width\":1396,\"height\":598,\"caption\":\"Foto: Herzog in Kernen\"},{\"@type\":\"BreadcrumbList\",\"@id\":\"https:\/\/www.ogl-kernen.de\/?page_id=7#breadcrumb\",\"itemListElement\":[{\"@type\":\"ListItem\",\"position\":1,\"name\":\"Startseite\",\"item\":\"https:\/\/www.ogl-kernen.de\/\"},{\"@type\":\"ListItem\",\"position\":2,\"name\":\"\u00dcber uns\"}]},{\"@type\":\"WebSite\",\"@id\":\"https:\/\/www.ogl-kernen.de\/#website\",\"url\":\"https:\/\/www.ogl-kernen.de\/\",\"name\":\"OGL Kernen\",\"description\":\"nachhaltig - sozial - weltoffen\",\"publisher\":{\"@id\":\"https:\/\/www.ogl-kernen.de\/#organization\"},\"potentialAction\":[{\"@type\":\"SearchAction\",\"target\":{\"@type\":\"EntryPoint\",\"urlTemplate\":\"https:\/\/www.ogl-kernen.de\/?s={search_term_string}\"},\"query-input\":\"required name=search_term_string\"}],\"inLanguage\":\"de\"},{\"@type\":\"Organization\",\"@id\":\"https:\/\/www.ogl-kernen.de\/#organization\",\"name\":\"OGL Kernen\",\"url\":\"https:\/\/www.ogl-kernen.de\/\",\"logo\":{\"@type\":\"ImageObject\",\"inLanguage\":\"de\",\"@id\":\"https:\/\/www.ogl-kernen.de\/#\/schema\/logo\/image\/\",\"url\":\"https:\/\/www.ogl-kernen.de\/test\/wp-content\/uploads\/2021\/05\/cropped-Logo-ow-scaled-1.jpg\",\"contentUrl\":\"https:\/\/www.ogl-kernen.de\/test\/wp-content\/uploads\/2021\/05\/cropped-Logo-ow-scaled-1.jpg\",\"width\":2560,\"height\":478,\"caption\":\"OGL Kernen\"},\"image\":{\"@id\":\"https:\/\/www.ogl-kernen.de\/#\/schema\/logo\/image\/\"},\"sameAs\":[\"https:\/\/www.instagram.com\/ogl_kernen\/\"]}]}<\/script>\n<!-- \/ Yoast SEO plugin. -->","yoast_head_json":{"title":"\u00dcber uns - OGL Kernen","robots":{"index":"index","follow":"follow","max-snippet":"max-snippet:-1","max-image-preview":"max-image-preview:large","max-video-preview":"max-video-preview:-1"},"canonical":"https:\/\/www.ogl-kernen.de\/?page_id=7","og_locale":"de_DE","og_type":"article","og_title":"\u00dcber uns - OGL Kernen","og_description":"Foto Herzog: Unsere Kandidat:innen f\u00fcr Kernen &#8211; Kommunalwahl 2024 Auf dem Foto von links: Peter Haas, Axel D\u00f6hring, Alexander Schmidt-Fischer, Linn Matysiak, Bernhard Siegle, Sara Tadix, Norbert Kirchner, Jan Beckhoff, Laura Wilhelm, Georg Wilhelm, Matthias Kramer, Rita Kirchner, Philipp Greiner, Christian Fleischer, Peter von Schnakenburg, Noel Pr\u00f6hmer, Antje Wilhelmy-Noirhomme, Raymund Noirhomme, Susanne H\u00e4berle, Moritz Seifert, &hellip; \u00dcber uns Weiterlesen &raquo;","og_url":"https:\/\/www.ogl-kernen.de\/?page_id=7","og_site_name":"OGL Kernen","article_modified_time":"2024-03-15T13:03:11+00:00","og_image":[{"width":1396,"height":598,"url":"https:\/\/www.ogl-kernen.de\/test\/wp-content\/uploads\/2024\/03\/OGL-Kernen.jpg","type":"image\/jpeg"}],"twitter_card":"summary_large_image","twitter_misc":{"Gesch\u00e4tzte Lesezeit":"2\u00a0Minuten"},"schema":{"@context":"https:\/\/schema.org","@graph":[{"@type":"WebPage","@id":"https:\/\/www.ogl-kernen.de\/?page_id=7","url":"https:\/\/www.ogl-kernen.de\/?page_id=7","name":"\u00dcber uns - OGL Kernen","isPartOf":{"@id":"https:\/\/www.ogl-kernen.de\/#website"},"primaryImageOfPage":{"@id":"https:\/\/www.ogl-kernen.de\/?page_id=7#primaryimage"},"image":{"@id":"https:\/\/www.ogl-kernen.de\/?page_id=7#primaryimage"},"thumbnailUrl":"https:\/\/www.ogl-kernen.de\/test\/wp-content\/uploads\/2024\/03\/OGL-Kernen.jpg","datePublished":"2021-05-04T20:51:12+00:00","dateModified":"2024-03-15T13:03:11+00:00","breadcrumb":{"@id":"https:\/\/www.ogl-kernen.de\/?page_id=7#breadcrumb"},"inLanguage":"de","potentialAction":[{"@type":"ReadAction","target":["https:\/\/www.ogl-kernen.de\/?page_id=7"]}]},{"@type":"ImageObject","inLanguage":"de","@id":"https:\/\/www.ogl-kernen.de\/?page_id=7#primaryimage","url":"https:\/\/www.ogl-kernen.de\/test\/wp-content\/uploads\/2024\/03\/OGL-Kernen.jpg","contentUrl":"https:\/\/www.ogl-kernen.de\/test\/wp-content\/uploads\/2024\/03\/OGL-Kernen.jpg","width":1396,"height":598,"caption":"Foto: Herzog in Kernen"},{"@type":"BreadcrumbList","@id":"https:\/\/www.ogl-kernen.de\/?page_id=7#breadcrumb","itemListElement":[{"@type":"ListItem","position":1,"name":"Startseite","item":"https:\/\/www.ogl-kernen.de\/"},{"@type":"ListItem","position":2,"name":"\u00dcber uns"}]},{"@type":"WebSite","@id":"https:\/\/www.ogl-kernen.de\/#website","url":"https:\/\/www.ogl-kernen.de\/","name":"OGL Kernen","description":"nachhaltig - sozial - weltoffen","publisher":{"@id":"https:\/\/www.ogl-kernen.de\/#organization"},"potentialAction":[{"@type":"SearchAction","target":{"@type":"EntryPoint","urlTemplate":"https:\/\/www.ogl-kernen.de\/?s={search_term_string}"},"query-input":"required name=search_term_string"}],"inLanguage":"de"},{"@type":"Organization","@id":"https:\/\/www.ogl-kernen.de\/#organization","name":"OGL Kernen","url":"https:\/\/www.ogl-kernen.de\/","logo":{"@type":"ImageObject","inLanguage":"de","@id":"https:\/\/www.ogl-kernen.de\/#\/schema\/logo\/image\/","url":"https:\/\/www.ogl-kernen.de\/test\/wp-content\/uploads\/2021\/05\/cropped-Logo-ow-scaled-1.jpg","contentUrl":"https:\/\/www.ogl-kernen.de\/test\/wp-content\/uploads\/2021\/05\/cropped-Logo-ow-scaled-1.jpg","width":2560,"height":478,"caption":"OGL Kernen"},"image":{"@id":"https:\/\/www.ogl-kernen.de\/#\/schema\/logo\/image\/"},"sameAs":["https:\/\/www.instagram.com\/ogl_kernen\/"]}]}},"_links":{"self":[{"href":"https:\/\/www.ogl-kernen.de\/index.php?rest_route=\/wp\/v2\/pages\/7","targetHints":{"allow":["GET"]}}],"collection":[{"href":"https:\/\/www.ogl-kernen.de\/index.php?rest_route=\/wp\/v2\/pages"}],"about":[{"href":"https:\/\/www.ogl-kernen.de\/index.php?rest_route=\/wp\/v2\/types\/page"}],"author":[{"embeddable":true,"href":"https:\/\/www.ogl-kernen.de\/index.php?rest_route=\/wp\/v2\/users\/1"}],"replies":[{"embeddable":true,"href":"https:\/\/www.ogl-kernen.de\/index.php?rest_route=%2Fwp%2Fv2%2Fcomments&post=7"}],"version-history":[{"count":16,"href":"https:\/\/www.ogl-kernen.de\/index.php?rest_route=\/wp\/v2\/pages\/7\/revisions"}],"predecessor-version":[{"id":518,"href":"https:\/\/www.ogl-kernen.de\/index.php?rest_route=\/wp\/v2\/pages\/7\/revisions\/518"}],"wp:featuredmedia":[{"embeddable":true,"href":"https:\/\/www.ogl-kernen.de\/index.php?rest_route=\/wp\/v2\/media\/490"}],"wp:attachment":[{"href":"https:\/\/www.ogl-kernen.de\/index.php?rest_route=%2Fwp%2Fv2%2Fmedia&parent=7"}],"curies":[{"name":"wp","href":"https:\/\/api.w.org\/{rel}","templated":true}]}}